{"id":419,"date":"2019-08-20T16:58:29","date_gmt":"2019-08-20T15:58:29","guid":{"rendered":"https:\/\/udekta.com\/capital\/?page_id=419"},"modified":"2019-08-20T16:58:29","modified_gmt":"2019-08-20T15:58:29","slug":"aviso-legal","status":"publish","type":"page","link":"https:\/\/udekta.com\/capital\/aviso-legal\/","title":{"rendered":"Aviso Legal"},"content":{"rendered":"<h4><strong>AVISO LEGAL Y CONDICIONES DE USO<\/strong><\/h4>\n<p><strong>IDENTIFICACI\u00d3N<\/strong><\/p>\n<p>Este sitio web ha sido creado por\u00a0<strong>Udekta Capital, S.A.<\/strong>\u00a0(en adelante\u00a0<strong>\u201cUdekta Capital\u201d), <\/strong>con CIF A-87678645, domicilio social en la C\/ Vel\u00e1zquez 3, planta 1\u00aa de Madrid e inscrita en el Registro Mercantil de Madrid al Tomo 35.458, Libro: 0, Folio 121, Secci\u00f3n: 8 y Hoja M-637361. Puede contactarse con <strong>Udekta Capital<\/strong>\u00a0por el tel\u00e9fono al n\u00famero +34 914816109 o por la direcci\u00f3n de correo electr\u00f3nico\u00a0<u>info@udekta.com<\/u><\/p>\n<p><strong>OBJETO Y \u00c1MBITO DE APLICACI\u00d3N<\/strong><\/p>\n<p>A continuaci\u00f3n, se exponen las condiciones generales que regulan el acceso, navegaci\u00f3n y uso de las p\u00e1ginas web bajo el dominio de\u00a0<strong>Udekta Capital<\/strong>, as\u00ed como la responsabilidad derivada del uso de sus contenidos.<\/p>\n<p>Se presume que el acceso o la mera utilizaci\u00f3n de\u00a0<strong>www.udekta.com\u00a0<\/strong>por parte del Usuario implica la adhesi\u00f3n de \u00e9ste a las condiciones generales que\u00a0<strong>Udekta Capital<\/strong>\u00a0tenga publicadas en cada momento en el que acceda a su p\u00e1gina web. En consecuencia, el Usuario debe estar al tanto de estas condiciones generales. En este sentido, se entender\u00e1 por Usuario a la persona que acceda, navegue, utilice o participe en los servicios y actividades, gratuitas u onerosas, desarrolladas en\u00a0<strong>Udekta Capital<\/strong>.<\/p>\n<p>Las presentes condiciones generales tienen por objeto regular el acceso, navegaci\u00f3n y uso de <strong>www.udekta.com. <\/strong>Independientemente de las mismas,\u00a0<strong>Udekta Capital<\/strong>\u00a0podr\u00e1 establecer condiciones particulares que regulen la utilizaci\u00f3n y\/o contrataci\u00f3n de servicios espec\u00edficos ofrecidos a los Usuarios a trav\u00e9s de <strong>www.udekta.com.<\/strong> Asimismo, a trav\u00e9s de <strong>www.udekta.com,<\/strong>\u00a0<strong>Udekta Capital<\/strong>\u00a0podr\u00e1 habilitar a terceras entidades para que publiciten o presten sus servicios. En estos casos,\u00a0<strong>Udekta Capital<\/strong>\u00a0no ser\u00e1 responsable de establecer las condiciones generales y particulares a tener en cuenta en la utilizaci\u00f3n, prestaci\u00f3n o contrataci\u00f3n de estos servicios por terceros y, por tanto, no podr\u00e1 ser considerado responsable de los mismos. En cualquier caso,\u00a0<strong>Udekta Capital<\/strong>\u00a0no facilitar\u00e1 datos de car\u00e1cter personal de Usuarios a dichos terceros.<\/p>\n<p>Antes de utilizar y\/o contratar servicios espec\u00edficos prestados por\u00a0<strong>Udekta Capital<\/strong>, el Usuario deber\u00e1 leer atentamente las correspondientes condiciones particulares que se estipulen a tales efectos. La utilizaci\u00f3n y\/o la contrataci\u00f3n de dichos servicios espec\u00edficos implican la aceptaci\u00f3n de las condiciones particulares que los regulen en la versi\u00f3n publicada por\u00a0<strong>Udekta Capital<\/strong>\u00a0en el momento en que se produzca dicha utilizaci\u00f3n y\/o contrataci\u00f3n.<\/p>\n<p><strong>DERECHOS DE PROPIEDAD INTELECTUAL E INDUSTRIAL<\/strong><\/p>\n<p><strong>Udekta Capital<\/strong>\u00a0como autor de obra colectiva, es titular de los derechos de explotaci\u00f3n de propiedad intelectual e industrial de\u00a0<strong>www.udekta.com,<\/strong>\u00a0y es tambi\u00e9n titular o tiene la correspondiente licencia sobre los derechos de propiedad intelectual, industrial y de imagen sobre de los contenidos disponibles a trav\u00e9s de dicha web.<\/p>\n<p>En ning\u00fan caso se entender\u00e1 que el acceso y navegaci\u00f3n del Usuario implica una renuncia, transmisi\u00f3n, licencia o cesi\u00f3n total ni parcial de dichos derechos por parte de\u00a0<strong>Udekta Capital.<\/strong><\/p>\n<p>En consecuencia, no est\u00e1 permitido suprimir, eludir o manipular el aviso de derechos de autor \u2018copyright\u2019 y cualesquiera otros datos de identificaci\u00f3n de los derechos de\u00a0<strong>Udekta Capital<\/strong>\u00a0o de sus titulares incorporados a los contenidos, as\u00ed como los dispositivos t\u00e9cnicos de protecci\u00f3n, las huellas digitales o cualesquiera mecanismos de informaci\u00f3n y\/o de identificaci\u00f3n que pudieren incluirse o estar incluidos en los contenidos.<\/p>\n<p>Asimismo est\u00e1 prohibido modificar, copiar, reutilizar, explotar, reproducir, comunicar p\u00fablicamente, hacer segundas o posteriores publicaciones, cargar archivos, enviar por correo, transmitir, usar, tratar o distribuir de cualquier forma la totalidad o parte de los contenidos incluidos en\u00a0<strong>www.udekta.com\u00a0<\/strong>para prop\u00f3sitos p\u00fablicos o comerciales, si no se cuenta con la autorizaci\u00f3n expresa y por escrito de\u00a0<strong>Udekta Capital<\/strong>\u00a0o, en su caso, del titular de los derechos correspondiente. En particular,\u00a0<strong>Udekta Capital<\/strong>\u00a0se opone de manera expresa a que la reproducci\u00f3n de sus p\u00e1ginas pueda ser considerada una cita en los t\u00e9rminos previstos en el art\u00edculo 32, 1\u00ba p\u00e1rrafo segundo, de la Ley de Propiedad Intelectual.<\/p>\n<p><strong>ACCESO<\/strong><\/p>\n<p>El acceso al dominio\u00a0<strong>www.udekta.com\u00a0<\/strong>por parte de los Usuarios tiene car\u00e1cter libre y gratuito. No obstante, algunos de los servicios y contenidos ofrecidos por\u00a0<strong>Udekta Capital<\/strong>\u00a0o terceros a trav\u00e9s de\u00a0<strong>www.udekta.com\u00a0<\/strong>pueden encontrarse sujetos a la contrataci\u00f3n previa del servicio o producto y al pago de una cantidad de dinero en la forma que se determine en las correspondientes condiciones particulares, en cuyo caso se pondr\u00edan a disposici\u00f3n del Usuario de forma expresa y clara.<\/p>\n<p>Cuando sea necesario que el Usuario se registre o aporte datos personales para poder acceder a alguno de los servicios espec\u00edficos, la recogida, el tratamiento y, en su caso, la cesi\u00f3n o el acceso de los datos personales de los Usuarios ser\u00e1 de aplicaci\u00f3n lo dispuesto en la Pol\u00edtica de Privacidad recogida en\u00a0<strong>www.udekta.com.<\/strong><\/p>\n<p>Queda prohibida la contrataci\u00f3n de productos y servicios a trav\u00e9s del dominio\u00a0<strong>www.udekta.com\u00a0<\/strong>por parte de menores de edad, quienes deber\u00e1n obtener con anterioridad el debido consentimiento de sus padres, tutores o representantes legales, los cuales ser\u00e1n considerados como responsables de los actos que lleven a cabo los menores a su cargo, conforme a lo estipulado en la normativa vigente.<\/p>\n<p><strong>UTILIZACI\u00d3N DE LA P\u00c1GINA<\/strong><\/p>\n<p>Los contenidos incluidos en\u00a0<strong>www.udekta.com<\/strong>\u00a0se facilitan \u00fanicamente a consumidores o usuarios finales. Cualquier uso comercial no autorizado de los mismos, o su reventa, quedan prohibidos, salvo que se cuente con la previa autorizaci\u00f3n por escrito de\u00a0<strong>Udekta Capital.<\/strong><\/p>\n<p>Si para la utilizaci\u00f3n y\/o contrataci\u00f3n de un servicio en\u00a0<strong>www.udekta.com,<\/strong>\u00a0el Usuario debiera proceder a su registro, \u00e9ste ser\u00e1 responsable de aportar informaci\u00f3n veraz y l\u00edcita. Si como consecuencia del registro, se dotara al Usuario de una contrase\u00f1a, \u00e9ste se compromete a hacer un uso diligente y a mantener en secreto la contrase\u00f1a para acceder a estos servicios. En consecuencia, los Usuarios son responsables de la adecuada custodia y confidencialidad de cualesquiera identificadores y\/o contrase\u00f1as que le sean suministradas por\u00a0<strong>Udekta Capital,<\/strong>\u00a0y se comprometen a no ceder su uso a terceros, ya sea temporal o permanente, ni a permitir su acceso a personas ajenas. Ser\u00e1 responsabilidad del Usuario la utilizaci\u00f3n il\u00edcita de los servicios por cualquier tercero ileg\u00edtimo que emplee a tal efecto una contrase\u00f1a a causa de una utilizaci\u00f3n no diligente o de la p\u00e9rdida de la misma por el Usuario. En cualquier caso, debe tenerse en cuenta que la identificaci\u00f3n y autenticaci\u00f3n mediante nombre de usuario y contrase\u00f1a es un m\u00e9todo menos fiable en comparaci\u00f3n con la firma electr\u00f3nica avanzada.<\/p>\n<p>En virtud de lo anterior, es obligaci\u00f3n del Usuario informar de manera inmediata a los gestores de\u00a0<strong>www.udekta.com\u00a0<\/strong>enviando un correo electr\u00f3nico a la direcci\u00f3n info@udekta.com o llamando por tel\u00e9fono al n\u00famero +34 91 481 61 09 de cualquier hecho que permita el uso indebido de los identificadores y\/o contrase\u00f1as, tales como el robo, extrav\u00edo, o el acceso no autorizado a los mismos, con el fin de proceder a su inmediata cancelaci\u00f3n. Mientras no se comuniquen tales hechos,\u00a0<strong>Udekta Capital<\/strong>\u00a0quedar\u00e1 eximido de cualquier responsabilidad que pudiera derivarse del uso indebido de los identificadores o contrase\u00f1as por terceros no autorizados.<\/p>\n<p>El acceso, navegaci\u00f3n y uso de\u00a0<strong>www.udekta.com<\/strong>\u00a0es responsabilidad del Usuario, por lo que el Usuario se compromete a observar diligente y fielmente cualquier instrucci\u00f3n adicional impartida por\u00a0<strong>Udekta Capital<\/strong> relativa al uso de <strong>www.udekta.com<\/strong>\u00a0y de sus contenidos.<\/p>\n<p>Por tanto, el Usuario se obliga a usar los contenidos de forma diligente, correcta y l\u00edcita. En particular se compromete a abstenerse de:<\/p>\n<p>a) utilizar los contenidos con fines o efectos contrarios a la ley, a la moral, a las buenas costumbres generalmente aceptadas o al orden p\u00fablico;<br \/>\nb) reproducir o copiar, distribuir, permitir el acceso del p\u00fablico a trav\u00e9s de cualquier modalidad de comunicaci\u00f3n p\u00fablica, transformar o modificar los contenidos, a menos que se cuente con la autorizaci\u00f3n del titular de los correspondientes derechos o ello resulte legalmente permitido;<br \/>\nc) emplear los contenidos y, en particular, la informaci\u00f3n de cualquier clase obtenida a trav\u00e9s de la p\u00e1gina o de los servicios para remitir publicidad, comunicaciones con fines de venta directa o con cualquier otra clase de finalidad comercial, mensajes no solicitados dirigidos a una pluralidad de personas con independencia de su finalidad, as\u00ed como a abstenerse de comercializar o divulgar de cualquier modo dicha informaci\u00f3n.<\/p>\n<p><strong>LICENCIA SOBRE LAS COMUNICACIONES<\/strong><\/p>\n<p>En el caso de que el usuario env\u00ede informaci\u00f3n de cualquier tipo a\u00a0<strong>www.udekta.com,<\/strong>\u00a0\u00e9l mismo declara, garantiza y acepta i) que tiene derecho a hacerlo libremente, ii) que dicha informaci\u00f3n no infringe ning\u00fan derecho de propiedad intelectual, de marca, de patente, secreto comercial, o cualquier otro derecho de tercero, iii) que dicha informaci\u00f3n no tiene car\u00e1cter confidencial y iv) que dicha informaci\u00f3n no es perjudicial para terceros.<\/p>\n<p>El Usuario reconoce asumir la responsabilidad y dejar\u00e1 indemne a\u00a0<strong>Udekta Capital<\/strong>\u00a0por cualquier comunicaci\u00f3n que suministre personalmente o a su nombre, alcanzando dicha responsabilidad sin restricci\u00f3n alguna a la exactitud, legalidad, originalidad y titularidad de la misma.<\/p>\n<p>La aceptaci\u00f3n de las presentes condiciones generales implica la cesi\u00f3n en exclusiva por parte del Usuario de cualquier derecho de explotaci\u00f3n de propiedad intelectual o industrial que el Usuario pudiera ostentar sobre las comunicaciones que realice a trav\u00e9s de\u00a0<strong>www.udekta.com.<\/strong><\/p>\n<p><strong>RESPONSABILIDADES Y GARANT\u00cdAS<\/strong><\/p>\n<p><strong>Udekta Capital<\/strong>\u00a0no garantiza la fiabilidad, utilidad o exactitud de los servicios o de la informaci\u00f3n que se presten a trav\u00e9s de\u00a0<strong>www.udekta.com.<\/strong><\/p>\n<p>En consecuencia,\u00a0<strong>Udekta Capital<\/strong>\u00a0no garantiza ni se hace responsable de: i) la continuidad de los contenidos de\u00a0<strong>www.udekta.com;<\/strong>\u00a0ii) la ausencia de errores en dichos contenidos ni la correcci\u00f3n de cualquier defecto que pudiera ocurrir; iii) la ausencia de virus y\/o dem\u00e1s componentes da\u00f1inos en\u00a0<strong>www.udekta.com<\/strong>\u00a0o en el servidor que lo suministra; iv) la invulnerabilidad de\u00a0<strong>www.udekta.com<\/strong>\u00a0y\/o la inexpugnabilidad de las medidas de seguridad que se adopten en el mismo; v) la falta de utilidad o rendimiento de los contenidos de\u00a0<strong>www.udekta.com;<\/strong>\u00a0vi) los da\u00f1os o perjuicios que cause, a s\u00ed mismo o a un tercero, cualquier persona que infringiera las condiciones, normas e instrucciones que\u00a0<strong>Udekta Capital<\/strong>\u00a0establece en\u00a0<strong>www.udekta.com<\/strong>\u00a0o a trav\u00e9s de la vulneraci\u00f3n de los sistemas de seguridad de\u00a0<strong>www.udekta.com.<\/strong>\u00a0No obstante,\u00a0<strong>Udekta Capital<\/strong>\u00a0declara que ha adoptado todas las medidas necesarias, dentro de sus posibilidades y del estado de la tecnolog\u00eda, para garantizar el funcionamiento de\u00a0<strong>www.udekta.com<\/strong>\u00a0y evitar la existencia y transmisi\u00f3n de virus y dem\u00e1s componentes da\u00f1inos a los Usuarios.<\/p>\n<p><strong>ENLACES<\/strong><\/p>\n<p><strong>Enlaces desde www.udekta.com a otras webs:<\/strong><\/p>\n<p>En\u00a0<strong>www.udekta.com<\/strong>\u00a0el Usuario podr\u00e1 encontrar enlaces a otras p\u00e1ginas web mediante diferentes botones, links, banners, etc., los cuales son gestionados por terceros.\u00a0<strong>Udekta Capital<\/strong>\u00a0no tiene facultad ni medios humanos ni t\u00e9cnicos para conocer, controlar ni aprobar toda la informaci\u00f3n, contenidos, productos o servicios facilitados por otros sitios web a los que se establecen enlaces desde\u00a0<strong>www.udekta.com.<\/strong>\u00a0En consecuencia,\u00a0<strong>Udekta Capital<\/strong>\u00a0no puede asumir ning\u00fan tipo de responsabilidad por cualquier aspecto relativo a la p\u00e1gina web a la que se establece un enlace desde\u00a0<strong>www.udekta.com,<\/strong>\u00a0en concreto, a t\u00edtulo enunciativo y no taxativo, sobre su funcionamiento, acceso, datos, informaci\u00f3n, archivos, calidad y fiabilidad de sus productos y servicios, sus propios enlaces y\/o cualquiera de sus contenidos en general. El establecimiento de cualquier tipo de enlace por parte de\u00a0<strong>www.udekta.com<\/strong>\u00a0a otro sitio web ajeno no implica que exista alg\u00fan tipo de relaci\u00f3n, colaboraci\u00f3n o dependencia entre\u00a0<strong>Udekta Capital<\/strong>\u00a0y el responsable del sitio web ajeno.<\/p>\n<p><strong>Enlaces en otros sitios web con destino a udekta.com:<\/strong><\/p>\n<p>Si cualquier Usuario, entidad o sitio web deseara establecer alg\u00fan tipo de enlace con destino a\u00a0<strong>www.udekta.com<\/strong>\u00a0deber\u00e1 atenerse a las siguientes estipulaciones:<\/p>\n<p>a) El enlace se podr\u00e1 dirigir a la P\u00e1gina Principal o a cualquier otra de las integradas en\u00a0<strong>udekta.com.<\/strong><br \/>\nb) El enlace debe ser absoluto y completo, es decir, debe llevar al Usuario, mediante un clic, a la propia direcci\u00f3n URL de\u00a0<strong>Udekta Capital, <\/strong><strong>www.udekta.com<\/strong>\u00a0o a las URLs correspondientes a las p\u00e1ginas que desee enlazar, y debe abarcar completamente toda la extensi\u00f3n de la pantalla de\u00a0<strong>www.udekta.com.<\/strong>\u00a0En ning\u00fan caso, salvo que\u00a0<strong>Udekta Capital<\/strong>\u00a0lo autorice de manera expresa y por escrito, el sitio web que realiza el enlace podr\u00e1 reproducir, de cualquier manera,\u00a0<strong>www.udekta.com,<\/strong>\u00a0incluirlo como parte de su web o dentro de uno de sus \u201cframes\u201d o crear un \u201cbrowser\u201d sobre cualquiera de las p\u00e1ginas de\u00a0<strong>www.udekta.com.<\/strong><br \/>\nc) En la p\u00e1gina que establece el enlace no se podr\u00e1 declarar de ninguna manera que\u00a0<strong>Udekta Capital<\/strong>\u00a0ha autorizado tal enlace, salvo que lo haya hecho expresamente y por escrito. Si la entidad que realiza el enlace desde su p\u00e1gina a\u00a0<strong>www.udekta.com<\/strong>\u00a0correctamente deseara incluir en su p\u00e1gina web la marca, denominaci\u00f3n, nombre comercial, r\u00f3tulo, logotipo, slogan o cualquier otro tipo de elemento identificativo de\u00a0<strong>Udekta Capital<\/strong>\u00a0y\/o de\u00a0<strong>www.udekta.com,<\/strong>\u00a0deber\u00e1 contar previamente con la correspondiente autorizaci\u00f3n expresa y por escrito.<br \/>\nd)\u00a0<strong>Udekta Capital<\/strong>\u00a0no autoriza el establecimiento de un enlace a\u00a0<strong>www.udekta.com<\/strong>\u00a0desde aquellas p\u00e1ginas web que contengan materiales, informaci\u00f3n o contenidos il\u00edcitos, ilegales, degradantes, obscenos, y en general, que contravengan la moral, el orden p\u00fablico o las normas sociales generalmente aceptadas.<\/p>\n<p><strong>Udekta Capital<\/strong>\u00a0no tiene facultad ni medios humanos y t\u00e9cnicos para conocer, controlar ni aprobar toda la informaci\u00f3n, contenidos, productos o servicios facilitados por otros sitios web que tengan establecidos enlaces con destino a\u00a0<strong>www.udekta.com.<\/strong>\u00a0<strong>Udekta Capital<\/strong>\u00a0no asume ning\u00fan tipo de responsabilidad por cualquier aspecto relativo\u00a0<strong>www.udekta.com<\/strong>\u00a0que establece ese enlace con destino a\u00a0<strong>www.udekta.com,<\/strong>\u00a0en concreto, a t\u00edtulo enunciativo y no taxativo, sobre su funcionamiento, acceso, datos, informaci\u00f3n, archivos, calidad y fiabilidad de sus productos y servicios, sus propios enlaces y\/o cualquiera de sus contenidos, en general.<\/p>\n<p><strong>Servicios prestados por terceros a trav\u00e9s de www.udekta.com:<\/strong><\/p>\n<p><strong>Udekta Capital<\/strong>\u00a0no garantiza la licitud, fiabilidad, utilidad, veracidad o exactitud de los servicios prestados por terceros a trav\u00e9s de\u00a0<strong>www.udekta.com<\/strong>\u00a0o sobre los que\u00a0<strong>Udekta Capital<\/strong>\u00a0\u00fanicamente act\u00fae como medio cauce publicitario.<\/p>\n<p><strong>Udekta Capital<\/strong>\u00a0no ser\u00e1 responsable de los da\u00f1os y perjuicios de toda naturaleza causados por los servicios prestados por terceros a trav\u00e9s de\u00a0<strong>www.udekta.com,\u00a0<\/strong>y en particular, a t\u00edtulo meramente enunciativo, los causados por:<\/p>\n<p>a) el incumplimiento de la ley, la moral, las buenas costumbres o el orden p\u00fablico;<br \/>\nb) la incorporaci\u00f3n de virus o cualquier otro c\u00f3digo inform\u00e1tico, archivo o programa que pueda da\u00f1ar, interrumpir o impedir el normal funcionamiento de cualquier software, hardware o equipo de telecomunicaciones;<br \/>\nc) la infracci\u00f3n de los derechos de propiedad intelectual e industrial, de los secretos empresariales, o de compromisos contractuales de cualquier clase.<br \/>\nd) la realizaci\u00f3n de actos que constituyan publicidad il\u00edcita, enga\u00f1osa o desleal y, en general, que constituyan competencia desleal;<br \/>\ne) la falta de veracidad, exactitud, calidad, pertinencia y\/o actualidad de los contenidos transmitidos, difundidos, almacenados, recibidos, obtenidos, puestos a disposici\u00f3n o accesibles;<br \/>\nf) la infracci\u00f3n de los derechos al honor, a la intimidad personal y familiar y a la imagen de las personas o, en general, cualquier tipo de derechos de terceros;<br \/>\ng) la inadecuaci\u00f3n para cualquier tipo de prop\u00f3sito y la defraudaci\u00f3n de las expectativas generadas, o los vicios y defectos que pudieran generarse en la relaci\u00f3n con terceros;<br \/>\nh) el incumplimiento, retraso en el cumplimiento, cumplimiento defectuoso o terminaci\u00f3n por cualquier causa de las obligaciones contra\u00eddas por terceros y contratos realizados con terceros.<\/p>\n<p><strong>DURACI\u00d3N Y MODIFICACI\u00d3N<\/strong><\/p>\n<p><strong>Udekta Capital<\/strong>\u00a0podr\u00e1 modificar los t\u00e9rminos y condiciones aqu\u00ed estipulados, total o parcialmente, publicando cualquier cambio en la misma forma en que aparecen estas condiciones generales o a trav\u00e9s de cualquier tipo de comunicaci\u00f3n dirigida a los Usuarios.<\/p>\n<p>La vigencia temporal de estas condiciones generales coincide, por lo tanto, con el tiempo de su exposici\u00f3n, hasta que sean modificadas total o parcialmente, momento en el cual pasar\u00e1n a tener vigencia las condiciones generales modificadas.<\/p>\n<p>Con independencia de lo dispuesto en las condiciones particulares,\u00a0<strong>Udekta Capital<\/strong>\u00a0podr\u00e1 dar por terminado, suspender o interrumpir, en cualquier momento, y sin necesidad de preaviso, el acceso a los contenidos de la p\u00e1gina, sin posibilidad por parte del Usuario de exigir indemnizaci\u00f3n alguna. Tras dicha extinci\u00f3n, seguir\u00e1n vigentes las prohibiciones de uso de los contenidos expuestas anteriormente en las condiciones generales.<\/p>\n<p><strong>GENERALIDADES<\/strong><\/p>\n<p>Los encabezamientos de las distintas cl\u00e1usulas son s\u00f3lo informativos, y no afectar\u00e1n, calificar\u00e1n o ampliar\u00e1n la interpretaci\u00f3n de las condiciones generales.<\/p>\n<p>En caso de existir discrepancia entre lo establecido en estas condiciones generales y las condiciones particulares de cada servicio espec\u00edfico, prevalecer\u00e1 lo dispuesto en \u00e9stas \u00faltimas.<\/p>\n<p>En el caso de que cualquier disposici\u00f3n o disposiciones de estas condiciones generales fuera(n) considerada(s) nula(s) o inaplicable(s), en su totalidad o en parte, por cualquier Juzgado, Tribunal u \u00f3rgano administrativo competente, dicha nulidad o inaplicaci\u00f3n no afectar\u00e1 a las otras disposiciones de las condiciones generales ni a las condiciones particulares de los diferentes servicios de\u00a0<strong>Udekta Capital<\/strong>.<\/p>\n<p>El no ejercicio o ejecuci\u00f3n por parte de\u00a0<strong>Udekta Capital<\/strong>\u00a0de cualquier derecho o disposici\u00f3n contenida en estas condiciones generales no constituir\u00e1 una renuncia al mismo, salvo reconocimiento y acuerdo por escrito por su parte.<\/p>\n<p><strong>JURISDICCI\u00d3N<\/strong><\/p>\n<p>Las relaciones establecidas entre\u00a0<strong>Udekta Capital<\/strong>\u00a0y el Usuario se regir\u00e1n por lo dispuesto en la normativa vigente acerca de la legislaci\u00f3n aplicable y la jurisdicci\u00f3n competente. No obstante, para los casos en los que la normativa prevea la posibilidad a las partes de someterse a un fuero,\u00a0<strong>Udekta Capital<\/strong>\u00a0y el Usuario, con renuncia expresa a cualquier otro fuero que pudiera corresponderles, se someten a los Juzgados y Tribunales de la ciudad de Madrid, Espa\u00f1a.<\/p>\n","protected":false},"excerpt":{"rendered":"<p>AVISO LEGAL Y CONDICIONES DE USO IDENTIFICACI\u00d3N Este sitio web ha sido creado por\u00a0Udekta Capital, S.A.\u00a0(en adelante\u00a0\u201cUdekta Capital\u201d), con CIF A-87678645, domicilio [&hellip;]<\/p>\n","protected":false},"author":101011,"featured_media":0,"parent":0,"menu_order":0,"comment_status":"closed","ping_status":"closed","template":"","meta":{"footnotes":""},"_links":{"self":[{"href":"https:\/\/udekta.com\/capital\/wp-json\/wp\/v2\/pages\/419"}],"collection":[{"href":"https:\/\/udekta.com\/capital\/wp-json\/wp\/v2\/pages"}],"about":[{"href":"https:\/\/udekta.com\/capital\/wp-json\/wp\/v2\/types\/page"}],"author":[{"embeddable":true,"href":"https:\/\/udekta.com\/capital\/wp-json\/wp\/v2\/users\/101011"}],"replies":[{"embeddable":true,"href":"https:\/\/udekta.com\/capital\/wp-json\/wp\/v2\/comments?post=419"}],"version-history":[{"count":1,"href":"https:\/\/udekta.com\/capital\/wp-json\/wp\/v2\/pages\/419\/revisions"}],"predecessor-version":[{"id":420,"href":"https:\/\/udekta.com\/capital\/wp-json\/wp\/v2\/pages\/419\/revisions\/420"}],"wp:attachment":[{"href":"https:\/\/udekta.com\/capital\/wp-json\/wp\/v2\/media?parent=419"}],"curies":[{"name":"wp","href":"https:\/\/api.w.org\/{rel}","templated":true}]}}